 29 = -r*v + p, -4*v + p - 56 = -3*p. What is the tens digit of 184/12 - (-5)/v?
1
Suppose 2*w = 2*f - f - 8, 0 = w. Suppose -2*s - f*s = -970. What is the tens digit of s?
9
Let w(f) = -3*f - 1. Let t be w(-1). Let s be -3 + t + 24/4. Suppose j + j - 68 = s*m, 205 = 5*j + 5*m. What is the tens digit of j?
3
Let p = 51 - 47. Suppose -p*b + y - 182 = -6*b, 5*b - 5*y = 425. What is the tens digit of b?
8
Suppose -18*r = -6573 - 1743. What is the tens digit of r?
6
Let n(g) = -2*g - 12. Suppose 3*x + 4 = -26. Let j be n(x). Suppose z - j = -0*z. What is the units digit of z?
8
Suppose c + 3 = -2*c, 0 = 3*s + c - 584. What is the tens digit of s?
9
Let h(z) = -1099*z**3 - 10*z**2 - 11*z - 2. What is the units digit of h(-1)?
8
Let t be (-44)/(-242) + (-141)/(-11). Let a = 17 - t. Suppose 46 = 2*s - a*r + r, 0 = -3*r. What is the tens digit of s?
2
Let r(q) = -7*q**3 + q**2 + q - 1. Let o be r(2). Let b = 74 + o. Suppose b = 3*k - 25. What is the units digit of k?
6
Suppose 3*a + 745 = -4*q, -13 = -2*a - 3. Let l = 106 + q. What is the units digit of 20/6*l/(-8)?
5
Let z(d) = d**3 + 2*d**2 - 6*d + 7. Let i(w) = w**3 + 5*w**2 + w + 8. Let c be i(-5). What is the units digit of z(c)?
4
Suppose 2017 = 3*g + 4*c, 0 = 3*g + 5*c - 3164 + 1146. What is the hundreds digit of g?
6
Suppose 2*x + 0*g = 2*g + 122, -x = 3*g - 41. What is the units digit of (1 + 1 - -4)*x/12?
8
Let i be (-9)/6 + (-77)/(-14). Suppose i*k + 4 = 128. What is the units digit of k?
1
Suppose -33*c + 4095 + 2934 = 0. What is the tens digit of c?
1
Let m(k) = 408*k**2 + 2*k - 1. What is the tens digit of m(1)?
0
Let f(l) = 26*l - 201. What is the units digit of f(9)?
3
Let x = -6 + 9. Suppose x*t = z + 7, -z + 2*t + 2 = z. Suppose -2*y - 57 = -z*y. What is the units digit of y?
9
Suppose x - 3*r + 7 = 0, -2*x - x + 3*r - 3 = 0. Suppose -x*k + 4 = s - 1, -15 = -4*s - 3*k. What is the units digit of s?
3
Let k(s) = -s**3 + 5*s**2 - s - 2. Suppose -2*h + 25 = 3*h. Let r be k(h). Let c(w) = -w**2 - 7*w + 10. What is the tens digit of c(r)?
1
Let l(d) be the second derivative of d**4/6 - 2*d**3/3 + d**2/2 + 5*d. Let s = 45 - 39. What is the units digit of l(s)?
9
Suppose 0*k + k + 30 = 3*d, k + 2*d = -35. Let n = 210 + k. What is the hundreds digit of n?
1
Let i be 4/((3 + -2)*-2). Let g be ((-4)/3)/i*-3. What is the units digit of (-2 + -16)/(2/g)?
8
Suppose -3*w + 5*q = -1, -w - 11 = -5*w - 3*q. Suppose w = 3*p - 4. Suppose p*c - 59 = -d, c + 16 - 35 = 3*d. What is the tens digit of c?
2
Let m(k) = -k**3 + 8*k**2 - k + 10. Let v be m(8). Suppose 2*p - v*f - 148 = 0, 86 = 5*p + f - 278. What is the tens digit of p?
7
Suppose 0 = -4*r - 1 + 21. Suppose 2*n = -2 + 6. Suppose -2*u + 29 = -4*o - 17, -r*u = -n*o - 99. What is the tens digit of u?
1
Let t(u) = 12*u**2 + 5*u - 227. What is the units digit of t(-15)?
8
Let j = 2357 - 1335. What is the tens digit of j?
2
Let m be (12 - 10) + (-22)/(-1). What is the units digit of (0 + 515)*(m/10)/6?
6
Let w(v) = 2*v + 1. Let i be w(-9). Let h = 72 + i. What is the tens digit of ((-4)/5)/((-2)/h)?
2
Let h(p) = -p**3 + 23*p**2 + 46*p - 64. What is the tens digit of h(21)?
8
Let m be ((-19)/(-38))/((-1)/22). Let i = 49 + m. What is the tens digit of i?
3
Let f(m) = -14*m + 432. What is the units digit of f(-13)?
4
Let p(b) = -b - 6. Let w be p(-11). Suppose -j = -w*y + 32, 2*j + 28 = 4*y - 3*y. Let q(k) = k**3 + 11*k**2 - 15*k - 12. What is the tens digit of q(j)?
2
Let p(s) = 104*s**2 + 1. Let n be p(1). What is the tens digit of (-20)/7*n/(-6)?
5
Let b(m) = 4*m + 15. Suppose 9*k = 4*k + 55. What is the units digit of b(k)?
9
Let h = -336 + 1085. What is the tens digit of h?
4
Suppose 2*u - 2*p - p = 548, u - 283 = -3*p. What is the tens digit of u?
7
Suppose -11*z + 10 = -6*z. What is the units digit of 789/12 + z/8?
6
Let v(q) = 8*q**3 - 4*q**2 - 5*q - 6. Suppose -4*p + 3*p - 1 = o, 2*p - 2*o = 14. What is the tens digit of v(p)?
5
Suppose 3*h = 3*i - 27, 0 = i + 3*i - 3*h - 32. Let t be (3 + 0)/(-3) + 2*5. Let w = i + t. What is the units digit of w?
4
Suppose 3 - 5 = -n. Suppose -n*t = -5*t + 6, 2*x + t - 180 = 0. What is the tens digit of x?
8
Let h(u) = 3*u**3 + 7*u**2 + 8*u - 2. Let o(z) = -2*z**3 - 6*z**2 - 7*z + 2. Let y(r) = -4*h(r) - 5*o(r). What is the tens digit of y(-3)?
6
Suppose 115 + 25 = 4*p. What is the tens digit of 1 + (-14)/p + 482/5?
9
What is the hundreds digit of (108833/(-129))/(2*2/(-12))?
5
Suppose 0 = -3*h - 11 - 13. Let s = h + 13. Suppose 0 = -5*k - s + 105. What is the units digit of k?
0
Suppose 46524 = 150*y - 138*y. What is the hundreds digit of y?
8
Suppose -2*g + 1196 = 2*b, 0 = -b - 0*b + g + 602. Suppose -4*m + b = 6*m. What is the tens digit of m?
6
Suppose o = 5*x - 18, o - 6*o + 5*x = 130. Let c = o + 43. What is the units digit of c?
5
Let t be ((-6)/2)/(-2 + (-250)/(-128)). Suppose -71 = -j - 2*h, -143 - t = -3*j - 4*h. What is the tens digit of j?
6
Let d(c) = 3*c**2 + 52*c - 24. What is the hundreds digit of d(-20)?
1
Suppose 1502*j = 1512*j - 15910. What is the hundreds digit of j?
5
Suppose 4*p = 2*g - 6*g + 24, 0 = -4*p - g + 24. Suppose 4*o = -4*j, 2*o + p + 4 = 0. Suppose 47 = 2*h + j. What is the units digit of h?
1
What is the hundreds digit of ((-16965)/(-18))/(7/14)?
8
Suppose 61335 = -309*w + 356*w. What is the thousands digit of w?
1
Suppose 5*m - 98 - 14062 = 0. What is the hundreds digit of (m/(-72))/(-1 + 4/6)?
1
Let t(s) = -s**2 - 6*s - 5. Let n be t(-3). Suppose 0 = -n*m - 4*m. Suppose m*b = 4*b - g - 290, -4*b - 2*g + 284 = 0. What is the units digit of b?
2
Let t(a) = -496*a + 59. What is the thousands digit of t(-5)?
2
Suppose 21*f = 19*f. Suppose f = -3*r - 0*r + 102. What is the tens digit of r?
3
Let q = 9051 - 5933. What is the units digit of q?
8
Suppose z = 4*o - 15, 28 = 4*o + 5*z - 17. Suppose 560 = o*q + c, 3*c = q - 8 - 88. What is the units digit of q?
1
Let t(k) = 2*k**2 - 6*k - 34. What is the units digit of t(-5)?
6
Suppose 0 = 111*y - 108*y - 5901. What is the units digit of y?
7
Let v(s) = -s**3 - 8*s**2 + 15*s - 16. Let n be v(-10). Suppose 8*g - n = 6*g. What is the tens digit of g?
1
Let z = -18 - -11. Let v be (-52)/(-28) - 1/z. Suppose -4*i = -3*i - u - 38, u = -v. What is the units digit of i?
6
Let h(k) = -716*k - 42. What is the thousands digit of h(-2)?
1
Let w(u) = 3*u + 1. Let v be w(1). Suppose -v*o - 13 = -33. Suppose -2*h - 102 = -o*h. What is the tens digit of h?
3
Let a(q) = 2*q - 12. Let z be a(6). What is the units digit of 49 + z - (8 - 11)?
2
What is the units digit of ((-126)/(-3))/6 - -43?
0
Let f = 394 + 1065. What is the thousands digit of f?
1
Let i be ((-28)/(-6))/((-20)/3 - -6). What is the units digit of -1*2*-16*(i - -9)?
4
Let r be 4/(-80)*-4 + (-26)/5. Let j(u) = 4*u**2 - 1. What is the tens digit of j(r)?
9
Suppose j = -3*v - 4*j + 10754, -5*j + 7171 = 2*v. What is the thousands digit of v?
3
Let g(s) = 322*s - 225. What is the tens digit of g(14)?
8
Suppose -63*u = -66*u + 15. What is the tens digit of u - (4 + -127 + -3)?
3
Suppose 3*q - 50 = -4*b, q + 8 = 2*q - 3*b. Let s(v) = -q*v + 32*v + 7*v - 1. What is the units digit of s(1)?
4
Let u = 413 - -796. What is the hundreds digit of u?
2
What is the units digit of 67014/340 - 2/20?
7
Let i(h) be the first derivative of -8/3*h**3 + 7/2*h**2 + 1/4*h**4 + 4*h - 5. What is the units digit of i(7)?
4
Suppose 0 = -26*r + 16225 + 9957. What is the units digit of r?
7
Let t = -22 + 26. Suppose -2*i - 7 = -5*k - 3, 5*i = t*k + 7. Suppose k*m = -3*m + 30. What is the units digit of m?
6
What is the hundreds digit of 5985/18 - (-15)/(-10)?
3
Let f be (-112)/(-49) - (-6)/(-21). Suppose 0 = -5*t + 2*n + f*n + 25, 0 = -4*n. Suppose -3*j - t = -62. What is the units digit of j?
9
Suppose 78*l = 83*l - 200. What is the hundreds digit of ((l/4)/(-2))/((-2)/60)?
1
Suppose 6 + 0 = 2*z + g, 5*z = g + 15. Suppose -4*x - 4*o + 24 + 0 = 0, z*o = x - 6. What is the units digit of x?
6
What is the hundreds digit of (-16256)/(-32) - (1 - 0 - 2)?
5
Let g(n) be the third derivative of 7*n**6/120 - n**5/12 + n**4/8 - 5*n**3/6 + 24*n**2. What is the units digit of g(2)?
7
Let z = 39 - 32. Suppose -6*o - 132 = -z*o. What is the units digit of o?
2
Let k = -30 - -24. Let s(t) = t + 14. What is the units digit of 